- 400, -2*h - 2*h = -x - 310. What are the prime factors of h?
2, 3, 13
Let d be (-10)/(-40) - (-22)/8. Suppose 0 = 2*t - 19 - d. What are the prime factors of t?
11
Let h = -11 - -11. Suppose h = -n - 2*m + 15, 5*m - 45 = -5*n + 5. What are the prime factors of n?
5
Let r = 0 - -7. Suppose r = -3*y + 55. List the prime factors of (1 - 3) + y/2.
2, 3
Suppose 2*v + 97 = 3*q, -4*q - q = -v - 150. What are the prime factors of q?
29
Let v = -4 - -1. Let l be 1/(v/(-12)*-2). What are the prime factors of (l - (-9)/3) + 2?
3
Let t(n) = -n**2 + 10*n - 3. Suppose l = 5*x - 36, -2*x + 19 = 5*l - 17. List the prime factors of t(x).
13
Suppose -2*j - 1 = -3*j. Suppose j = -2*n + 17. Let p(t) = t - 5. List the prime factors of p(n).
3
Let s(b) = 11*b - 1. Let o be s(2). Suppose -2*i = -n - 21, 6 + 13 = 2*i - 3*n. Let u = o - i. List the prime factors of u.
2, 5
Suppose 4*i = 16 - 0. Suppose -3*x = -2*x - i, -d = x - 64. Suppose k = -4*h + 4*k + d, 0 = -3*h + 3*k + 48. List the prime factors of h.
2, 3
Let q = 11 + -31. Let v = 35 + q. What are the prime factors of v?
3, 5
List the prime factors of 158/18 - 12/(-54).
3
Suppose -2*u + 3*a = 2*u - 180, -152 = -4*u - 4*a. Suppose -3*h = -4*c - u, 16 = 4*c + h + 50. Let n(i) = -i + 3. List the prime factors of n(c).
2, 3
Let f(x) = 2*x**2 + 5*x + 7. Let y be f(-9). Suppose 0 = 5*a - 3*a - y. Suppose 4*w = -5*z + 102, -w = 3*z + w - a. List the prime factors of z.
2, 11
What are the prime factors of 1 + (2 - 4) + 64?
3, 7
Let q be 4/5*145/1. Suppose -5*s + q = -s. Let w = s + -20. List the prime factors of w.
3
Suppose 174 + 14 = 4*l. What are the prime factors of l?
47
Suppose 0 = 5*h - 15. Let f be (-4 + 0)/(h/(-3)). Let p = 0 + f. What are the prime factors of p?
2
Suppose -5*r = -172 - 18. Let o = r - 15. What are the prime factors of o?
23
Suppose -q = 4*l - 0*l - 80, 5*l - 15 = 0. What are the prime factors of q?
2, 17
Suppose -p + 5*p = 620. List the prime factors of p.
5, 31
Suppose 2 = 5*a - 8. Suppose 2*i - g = -4, a*i + 2*i + 8 = -2*g. List the prime factors of (-3 - -2)*(i + -6).
2
Let l(w) = -w - 3 - 5*w + 8*w. Let g be l(4). Suppose -2*d = 2*r - 2, g*r - 2*d + 1 - 13 = 0. List the prime factors of r.
2
Let f(o) = -5*o**3 - o**2 + 6. List the prime factors of f(-3).
2, 3, 11
Let k = 11 + -8. Let d(t) = 3*t**2 - 2*t + 8*t + k - 2*t. What are the prime factors of d(-2)?
7
Suppose 28*o + 306 = 30*o. What are the prime factors of o?
3, 17
Suppose 2*q = -q - 30. List the prime factors of ((-12)/(-10))/((-4)/q).
3
Suppose 5*c = -5*f + 4*f - 5, c - 55 = -3*f. List the prime factors of f.
2, 5
Let f = 84 + -45. Let r = f - 21. List the prime factors of r.
2, 3
Suppose 0 = -2*h + 6*h - 16. What are the prime factors of h?
2
Let a(q) = -q - 1. Let x be a(3). List the prime factors of (-66)/x + 1/(-2).
2
Let f be 8/(-10)*20/8. List the prime factors of 40*3/(-6)*f.
2, 5
Let u be 5/(-2)*(-12)/10. Suppose 3*h + 1 = x, 2*h = 2*x - 1 + u. What are the prime factors of (-4)/(-2) + x + 11?
11
Suppose 4*s = -4*p - 12, 0 = -8*p + 4*p - 16. List the prime factors of (s + 3)/(-4)*-40.
2, 5
Let o(y) = 20*y**2 + y. List the prime factors of o(-1).
19
What are the prime factors of ((-265)/(-20))/((-3)/(-48))?
2, 53
Let x(s) = s**3 + 22*s**2 - 26*s - 21. What are the prime factors of x(-23)?
2, 3
Let r(n) = n**3 - 12*n**2 + 6*n + 10. Let s be r(12). Suppose 2*w = -4*o + 76, 2*w - 2*o = -w + s. List the prime factors of w.
2, 3, 5
What are the prime factors of ((-234)/(-30) - 3)/(6/20)?
2
Let y(s) = -2*s**2 + 45*s - 45. List the prime factors of y(20).
5, 11
Let o(j) = 10*j - 45. What are the prime factors of o(25)?
5, 41
Let s(d) be the third derivative of 0*d + 0 - 2*d**2 - 1/3*d**3 + 1/12*d**4. What are the prime factors of s(8)?
2, 7
What are the prime factors of 9*-1*(-9 - -3)?
2, 3
Let q(c) be the third derivative of c**6/45 + c**5/120 + c**3/6 - c**2. Let t(o) be the first derivative of q(o). List the prime factors of t(-1).
7
Let g be 3/6*-5*-2. Suppose 5*q - 14 = q - 2*w, g*q - 21 = w. Let h = 17 - q. List the prime factors of h.
13
Let s(k) = 8*k + 12. What are the prime factors of s(15)?
2, 3, 11
Suppose 0*y + y - 3 = 0. Suppose c = -4*g + 56, -y*g + 2*g - 4*c = -29. What are the prime factors of g?
13
Let k(n) = 49*n**2 - 1. Let t be k(-1). Let x = 70 - t. What are the prime factors of x?
2, 11
Let m(r) = -6*r**2 - 2*r + 1. Let a be m(1). Let g = a + 19. What are the prime factors of g?
2, 3
Suppose 5*l - 205 = -5*b, 2*b + 158 = 4*l + 4*b. What are the prime factors of l?
2, 19
Let s(j) = 10*j**2 - j. Let w be s(1). Suppose -w = -u + 4. List the prime factors of u.
13
Let u be ((-4)/(-6))/(6/(-9)). Let p = 5 - u. What are the prime factors of p?
2, 3
Suppose u - 5 + 1 = 0. Suppose -u*z - 33 = -v, 2*z = -0*v + 3*v - 59. List the prime factors of v.
17
Let r = -94 + 124. List the prime factors of r.
2, 3, 5
Suppose 0 = 2*i + 2*i - 1008. What are the prime factors of i?
2, 3, 7
Let z be 6/(-10) + 78/30. Let p(m) be the third derivative of m**5/30 - m**3/6 - 2*m**2. List the prime factors of p(z).
7
Let b = 39 + 6. List the prime factors of b.
3, 5
Let h(p) = p**3 - p**2 + p - 26. Let j be h(0). Let z = 41 + j. List the prime factors of z.
3, 5
Let u(w) = 19*w**3 + 2*w**2 - w. What are the prime factors of u(1)?
2, 5
Suppose 3*i + 2*i = 20. Let f(s) = 0 + s - 1 + 0. List the prime factors of f(i).
3
Suppose 2*p = 6*p - 60. Suppose p = u + w - 3*w, 4*u + 4*w - 12 = 0. List the prime factors of u.
7
Let u(i) = 32*i**2 - 14*i + 4. List the prime factors of u(3).
2, 5
Let h = 129 - -74. What are the prime factors of h?
7, 29
Suppose o - 5 = 6. List the prime factors of o.
11
Let h(a) = 18*a**3 + a**2 - a + 1. Let k(m) = -m**2 + 8*m + 1. Let j be k(8). Let l be h(j). Suppose 0 = -5*t + l + 21. What are the prime factors of t?
2
Suppose 0 = -4*w + 2*o + 3*o + 778, 4*o = -5*w + 993. List the prime factors of w.
197
Suppose -187 = -3*w + 44. What are the prime factors of w?
7, 11
Let c(w) = -186*w + 2. List the prime factors of c(-1).
2, 47
Suppose -4*y + 2*k - 8 = 0, -k - 2 = 4*y - 6. Suppose 0*s + 3*s - 27 = y. What are the prime factors of s?
3
Let b(j) = -j**3 + 10*j**2 - 6*j - 7. List the prime factors of b(7).
2, 7
Let o be (1 - -1)*(-3)/(-2). Suppose 2*z = 3*a - 0 + 9, o*a + 30 = -5*z. Let w = 12 + a. List the prime factors of w.
7
Suppose -5*g + 111 = -4. List the prime factors of g.
23
Let c be (-6)/(-4)*6/(-3). Let o(i) = -5*i - 4. Let f(n) = -15*n - 12. Let m(r) = -2*f(r) + 7*o(r). List the prime factors of m(c).
11
Suppose 8 + 100 = 4*v. List the prime factors of v.
3
Suppose c = 4*q + 33, -4*c + 2 = -5*q - 130. What are the prime factors of c?
3, 11
Let v = 324 - 176. List the prime factors of v.
2, 37
Let o = 9 - -6. Let w = -25 + o. Let c(t) = -2*t - 8. List the prime factors of c(w).
2, 3
Let a(j) = -j**2 - 3*j + 6. Let s be a(-5). Let p be s/(-14) + 212/(-7). Let m = -12 - p. List the prime factors of m.
2, 3
List the prime factors of (48/40)/((-6)/(-280)).
2, 7
Let g = 59 - -20. What are the prime factors of g?
79
Let b(m) = -3*m - 1. Let c be b(-2). Suppose -a + c*a = -16. Let h = 7 + a. What are the prime factors of h?
3
Let s(u) = -u**3 + 4*u**2 - u - 3. Let a be s(3). Suppose -20 = 2*i + 2*f - 3*f, -2*f + 4 = 0. List the prime factors of 6/i + 29/a.
3
Let a = -60 + 91. List the prime factors of a.
31
Let i = 0 - 2. Let g(q) = 20*q**2 + 5*q + 11. Let u(f) = -4*f**2 - f - 2. Let z(a) = -2*g(a) - 11*u(a). List the prime factors of z(i).
2, 7
Suppose -2*p = 2*n - 0*n - 92, -3*p - n + 142 = 0. List the prime factors of p.
2, 3
Let o = 2 + -5. List the prime factors of (o - -5) + 1/1.
3
Suppose 0 = -n + 23 - 0. What are the prime factors of n?
23
Suppose g - 4 = 0, 2*g - 6*g + 181 = 3*u. What are the prime factors of u?
5, 11
Let f = 1 + -5. List the prime factors of (49/(-14))/(2/f).
7
Suppose -3*o + 2*z + 67 - 15 = 0, 0 = -4*z + 16. Suppose 290 = -i + 6*i + j, -4*j + o = 0. What are the prime factors of i?
3, 19
What are the prime factors of (-8)/(-6)*(-18)/(-3)?
2
Suppose -b + 306 = -s + 123, 2*b - 4*s - 360 = 0. What are the prime factors of b?
2, 3, 31
Suppose 0 = 2*s + s - 6. Suppose -s*o = -4*o - 12. Let h = o + 14. List the prime factors of h.
2
Let z(n) = n**3 - 19*n**2 + 36*n + 6. What are th